10.
-1772725
282624 (base 12) to base 11
416892
-368604 (base 11) to base 6
-20252105
-1277240 (base 8) to base 9
-607856
Convert 20caba1 (base 13) to base 3.
200212002021121
What is 22233554 (base 7) in base 11?
10a4a09
Convert 8a151 (base 13) to base 10.
250693
What is 53707 (base 8) in base 12?
11007
Convert -3342238 (base 9) to base 3.
-10101102021022
303331310031 (base 4) to base 12
468b4b9
Convert 1300133 (base 5) to base 16.
61d3
-4102433121 (base 5) to base 2
-11111011101111101001001
Convert 2050441 (base 6) to base 13.
36664
10c93e (base 16) to base 5
240200334
482c0 (base 16) to base 7
2340566
Convert 3003031101 (base 4) to base 3.
1111121210200
Convert 425513 (base 11) to base 5.
133241020
Convert -1484512 (base 11) to base 13.
-6ab790
Convert -111c0 (base 13) to base 3.
-1120122020
What is -13082 (base 9) in base 12?
-5132
-645510 (base 8) to base 9
-358116
Convert -424480 (base 10) to base 14.
-b09a0
What is 133232314 (base 5) in base 16?
a618e
Convert -22101202 (base 6) to base 10.
-661250
What is 1570444 (base 9) in base 16?
d5211
-11011010100000101000 (base 2) to base 14
-19425a
Convert 43c9b (base 14) to base 5.
20230020
What is -1101101011011101100 (base 2) in base 7?
-3544545
-41210422 (base 5) to base 6
-11103240
Convert -34325134 (base 6) to base 4.
-10001030302
What is 2211357 (base 9) in base 2?
100100010001011010101
-1133033 (base 6) to base 10
-58989
-ba1742 (base 12) to base 15
-3d3418
Convert 44504004 (base 6) to base 2.
101001000101001000100
10010001010111010010010 (base 2) to base 9
8858885
What is 20021110221002 (base 3) in base 7?
40232342
What is a0678 (base 15) in base 2?
1111011111101000001
65994 (base 13) to base 5
21341433
What is -4713701 (base 8) in base 10?
-1284033
Convert 10002220200 (base 3) to base 2.
1110111011110101
80977 (base 11) to base 6
2311405
What is -30423035 (base 6) in base 8?
-3253277
Convert -1640516 (base 9) to base 12.
-380013
What is -50458 (base 11) in base 15?
-16cbc
What is -1b2a05 (base 12) in base 3?
-220110221112
What is 170461 (base 11) in base 13?
93287
What is 140414312 (base 5) in base 12?
2a6a00
2205677 (base 8) to base 15
ba9c1
Convert -c05625 (base 14) to base 6.
-350352121
Convert 1526444 (base 7) to base 14.
56124
What is -4192b (base 12) in base 10?
-86003
-32301113132 (base 4) to base 11
-2205292
Convert 5542 (base 13) to base 14.
448c
Convert -22130 (base 7) to base 4.
-1112312
What is 2222341 (base 6) in base 15?
232d1
4c344 (base 14) to base 8
555550
2468b (base 12) to base 11
34099
Convert -3b8cd (base 15) to base 12.
-92641
Convert 156610 (base 8) to base 9.
85713
-1031502 (base 7) to base 13
-45135
What is -386b37 (base 14) in base 8?
-7314015
What is -2491685 (base 10) in base 14?
-48c097
8c412 (base 13) to base 12
103a73
What is 1200100222001 (base 3) in base 16?
da047
-440253242 (base 6) to base 8
-35771372
What is 167984 (base 13) in base 5?
120402132
-721157 (base 8) to base 10
-238191
Convert 926ac (base 15) to base 14.
c10ab
Convert 100302322031 (base 4) to base 5.
2111342304
What is -121320333 (base 5) in base 16?
-8bf22
What is -c550 (base 16) in base 10?
-50512
-9502b (base 14) to base 11
-226111
Convert 2131132230 (base 4) to base 5.
131120121
Convert 3022210 (base 4) to base 3.
122210011
Convert 876548 (base 9) to base 8.
1775606
Convert -173dd1 (base 14) to base 11.
-509393
What is -3103303 (base 4) in base 16?
-34f3
Convert 2b90527 (base 12) to base 7.
135422206
Convert -1023340 (base 5) to base 10.
-17345
What is 1aab193 (base 13) in base 2?
100001110000100110001101
-274839 (base 15) to base 4
-13031003133
Convert -60636 (base 13) to base 2.
-101010000110001001
What is -1203202343 (base 5) in base 3?
-12020122012122
What is 263eea (base 15) in base 4?
13000033123
7b97b1 (base 12) to base 15
29395d
What is 74db (base 15) in base 12?
1238b
Convert 9b5bb (base 12) to base 15.
412b5
What is 1215a (base 13) in base 2?
1000000110101111
What is 30357 (base 15) in base 9?
252331
Convert 3c31b (base 13) to base 3.
12201102120
-2658429 (base 10) to base 9
-5001610
Convert -5107607 (base 11) to base 2.
-100010011100010100101010
Convert -113121303 (base 5) to base 16.
-7f00b
What is -120221220 (base 5) in base 8?
-2073100
Convert 1363977 (base 10) to base 2.
101001101000000001001
-100111101111000100101001 (base 2) to base 10
-10416425
Convert 3434301 (base 5) to base 4.
33012002
722113 (base 14) to base 16
3ab485
1143036 (base 9) to base 7
5155350
What is 3215354 (base 6) in base 4?
212211112
19259b (base 15) to base 11
765968
What is -297dc (base 15) in base 7?
-1063641
What is -35736283 (base 9) in base 14?
-24610a1
What is -123001120 (base 4) in base 6?
-2212224
What is -6714536 (base 8) in base 9?
-3356104
What is -159b0 (base 16) in base 13?
-31385
Convert 2320413 (base 5) to base 13.
16156
What is -532510 (base 6) in base 3?
-2012111220
Convert -1161817 (base 12) to base 7.
-40402063
Convert -63304 (base 7) to base 12.
-902a
Convert -127b958 (base 13) to base 2.
-10110000110110100001011
Convert -a998bb (base 12) to base 9.
-5052388
-10021 (base 9) to base 15
-1e3a
413356 (base 7) to base 5
4231341
Convert 5c233 (base 15) to base 14.
7928b
Convert -10101222121121 (base 3) to base 2.
-110111010000001111011
24a7056 (base 11) to base 7
51626066
Convert -1bb277 (base 15) to base 5.
-321311222
Convert -94325 (base 11) to base 5.
-13344413
What is -30727e (base 15) in base 2?
-1000110010000101101111
-1300443401 (base 5) to base 13
-85c591
What is 28fb (base 16) in base 9?
15346
Convert 34545 (base 13) to base 7.
545025
What is -42b34 (base 14) in base 10?
-161354
What is 3355ab (base 15) in base 10?
2448161
Convert -579aa (base 13) to base 6.
-3232005
What is -21389 (base 12) in base 3?
-2012222220
Convert -22110120220 (base 3) to base 2.
-101000101011110001
Convert -1490356 (base 11) to base 5.
-1123013313
What is -2229836 (base 12) in base 2?
-11000111001101101101010
What is 313122423 (base 5) in base 15?
1aa9e3
Convert 4346144 (base 7) to base 6.
15230252
209543 (base 10) to base 16
33287
Convert 852877 (base 9) to base 7.
4212136
What is -5014544 (base 8) in base 13?
-371728
630133 (base 8) to base 15
41dc7
16cc1 (base 14) to base 5
3314101
Convert -9384b9 (base 14) to base 11.
-28a0517
-2285ef (base 16) to base 8
-10502757
-12303212321 (base 4) to base 15
-2539ee
-2a9de (base 16) to base 7
-1324626
Convert 33056264 (base 7) to base 13.
784880
What is d56a2 (base 14) in base 5?
112430241
Convert 1224420011 (base 5) to base 8.
13242541
-604a5 (base 12) to base 14
-3384d
-24626 (base 12) to base 4
-30001332
-10111101000001000111000 (base 2) to base 10
-6193720
What is 11747345 (base 9) in base 6?
323235452
Convert 102000011012 (base 3) to base 10.
216626
What is 11070785 (base 9) in base 3?
101002100212212
Convert -d84d9 (base 14) to base 10.
-522335
What is 3325331 (base 6) in base 8?
506267
Convert -4035452 (base 6) to base 7.
-1426043
Convert 4cda15 (base 15) to base 6.
211040345
-102214302 (base 6) to base 4
-12311030132
What is 100001100011001000 (base 2) in base 14?
38116
-641755 (base 8) to base 7
-1550620
-120122131133 (base 4) to base 2
-11000011010011101011111
Convert -732106 (base 9) to base 15.
-88b66
Convert 11222002 (base 5) to base 12.
4a8a6
What is -10561b (base 13) in base 10?
-383316
What is 232003332301 (base 4) in base 8?
56037661
-2422d5 (base 15) to base 2
-110100110000010001010
Convert -211cb8 (base 16) to base 9.
-4066655
Convert -17bd (base 14) to base 11.
-3244
What is -11220002220000 (base 3) in base 6?
-131422130
Convert -2334046 (base 8) to base 5.
-130340331
-11211012120 (base 4) to base 10
-1462680
What is -20141402 (base 5) in base 11?
-100876
Convert 1a54d (base 15) to base 6.
1500101
Convert -24097 (base 13) to base 15.
-14874
Convert -4776071 (base 11) to base 7.
-130516444
What is -1c5da1 (base 14) in base 13?
-297133
2199b (base 16) to base 11
94446
11012120111 (base 3) to base 5
10122140
-678872 (base 9) to base 11
-258678
What is 747197 (base 10) in base 16?
b66bd
What is b027a (base 13) in base 16?
4ccf2
Convert -424230 (base 6) to base 8.
-103532
-112120223 (base 4) to base 7
-531215
Convert 10000202020 (base 3) to base 15.
129d0
Convert 211563 (base 8) to base 10.
70515
-4790 (base 15) to base 5
-441320
What is 